the remainder when q is divided by s?
10
Let n(x) = x**2 - 5*x. Let m be n(5). Suppose 87 = 3*i - m*i. Let l = 39 + -24. Calculate the remainder when i is divided by l.
14
Let c(o) = o**2 - 8*o - 1. Let q be c(7). Let b(t) = -t**2 - 11*t - 13. Calculate the remainder when 30 is divided by b(q).
8
Let v(z) = z**3 - 8*z**2 + 4. Let d be v(8). Let p = d - 0. Suppose 0 = p*s - 82 + 2. Calculate the remainder when s is divided by 7.
6
Let j = -13 + 21. Let k(t) = 2*t - 10. What is the remainder when 17 is divided by k(j)?
5
Suppose -j + 1 = -1. Suppose -q - j*q = -33. What is the remainder when 43 is divided by q?
10
Let m be -2*(-3)/(12/(-14)). Let p = -3 - m. What is the remainder when p is divided by 2?
0
Let g(j) = 4*j**2 - j. Let f be g(-1). Suppose -112 = -f*u + 3*w, 0 = -2*w - 0*w + 2. What is the remainder when u is divided by 38/5 - 6/(-15)?
7
Let u(y) = y**3 - y**2 - y + 3. Let j be u(0). Suppose -31 = -5*b + 2*h - h, j*h - 12 = 0. What is the remainder when 12 is divided by b?
5
Let m = -52 + 76. Calculate the remainder when m is divided by 183/21 - 2/(-7).
6
Suppose 0 = 4*h - 197 + 157. What is the remainder when 1*-4*(-19)/2 is divided by h?
8
Let w(l) = -l**2 + 10*l - 6. Suppose -2*i + 2 = -6. Suppose 4*j - 20 = -3*z, 2*j - 8 + i = 0. Calculate the remainder when z is divided by w(9).
1
Suppose -4*h + 16 = -0*h. Calculate the remainder when 13 is divided by h.
1
Calculate the remainder when 50 is divided by ((-204)/(-3))/4*1.
16
Let y be (-4)/(-18) + (-48)/(-27). Suppose q + y*q = 15. Suppose 4*m + 1 = 3*m, q*c - 113 = 3*m. What is the remainder when 64 is divided by c?
20
Suppose -4*d + 5*a = 172, 0*a = -4*d + 4*a - 176. Let x be (6/4)/(2/d). Calculate the remainder when (-1)/(3/x) + -2 is divided by 4.
2
Let r = 24 - 16. Suppose -3*f = -s + r, 0*s + 3*s + f - 74 = 0. What is the remainder when 45 is divided by s?
22
Calculate the remainder when 161 is divided by 1*(-5)/(20/(-216)).
53
Let m(b) = -b - 6. Let s be m(0). Let j(n) = 6*n - 7. Let v be j(s). Let x = v + 74. Calculate the remainder when x is divided by 11.
9
Suppose 2*u + c - 16 = 0, 5*c = -4*u - 0*c + 32. Let x be (-6 - -3)/((-3)/u). Calculate the remainder when 15 is divided by (-1)/(-4) + 62/x.
7
Let m = -17 + 17. Suppose 4*y - 3*s + s - 260 = m, -5*y - 5*s = -295. What is the remainder when y is divided by 33?
30
Let h = 94 + -60. Calculate the remainder when 100 is divided by h.
32
Let m(x) be the second derivative of -x**3/6 + 2*x. Let n be m(5). Let w = n - -22. What is the remainder when 49 is divided by w?
15
Let q = -22 + 36. What is the remainder when q is divided by 4?
2
Suppose 0*u = 5*u - 3*c - 260, -5*c - 172 = -3*u. Calculate the remainder when u is divided by (1 + 0)*(-34)/(-2).
15
Let u be (-6)/(-1) + (-9)/3. Suppose 75 = 3*s - u*t - t, 0 = t. Calculate the remainder when 123 is divided by s.
23
Let c be (-9)/(-3)*5/3. Suppose 0*w - 325 = -c*w. Let y = w + -46. Calculate the remainder when 36 is divided by y.
17
Suppose -2*r = -139 + 1. What is the remainder when r is divided by 24?
21
Calculate the remainder when 18 is divided by (9/(-3) - -13) + -3.
4
Suppose 5*o - 25 = -5*k, 3*o = 5*o. Let y be ((-24)/(-10))/(6/20). What is the remainder when y/(-40) - (-181)/k is divided by 19?
17
Suppose 3*v - 62 = 58. What is the remainder when v is divided by ((-6)/(-4))/((-6)/(-56))?
12
Suppose -2*b - 9 = 3*y, -2*b - 2*y + 1 = -y. What is the remainder when 34 is divided by (-4)/b*(-54)/4?
16
Suppose -4 = 2*o, 2*o - 114 = 4*v + 7*o. Let w = 36 + v. Calculate the remainder when 28 is divided by w.
8
Suppose -3*t - 1 + 7 = 0. Suppose -13 = -t*p + p. What is the remainder when 24 is divided by p?
11
Suppose -n - v = 4 + 15, 3*n - 5*v + 81 = 0. Let p = n + 25. What is the remainder when 8 is divided by p?
2
Suppose 2*r - j = -0*j + 9, 0 = -3*r + 5*j + 17. Calculate the remainder when (8/12)/(2/15) is divided by r.
1
Suppose 2*z + 15 = 5*z. Suppose 0*x + 51 = z*a - 2*x, 27 = 4*a + 3*x. Calculate the remainder when 17 is divided by a.
8
Suppose 5*l + 2*p = 3*p + 34, 5*l = -2*p + 22. Let o = l + -4. Suppose s = o*s - 8. Calculate the remainder when s is divided by 3.
2
Suppose -2*z = 3*z - 30. Suppose 0 = -m + 2*m - 5. Suppose q + 5*o - 31 = -m, 0 = -5*q - 5*o + 70. What is the remainder when q is divided by z?
5
What is the remainder when (40/(-6))/((-13)/39) is divided by 11?
9
Suppose 4 + 0 = -z. Let c(a) = -a**2 - 8*a - 5. Let o(p) = p**2 - p + 2. Calculate the remainder when c(z) is divided by o(2).
3
Suppose 0 = -3*g + 5*g + 4*u + 6, 0 = 5*u + 20. Suppose 3*q + g*c - 15 + 2 = 0, -4*q + 25 = -c. What is the remainder when q is divided by 3?
0
Suppose 2 = -5*m + 12. Suppose -a + 3*p + 1 = 2, m*p = 5*a - 8. What is the remainder when 16 is divided by (-1 + a)/(2/12)?
4
Let h(m) = 6*m**2 - 2*m + 6. Let g(y) = -17*y**2 + 5*y - 18. Let z(c) = -3*g(c) - 8*h(c). What is the remainder when z(4) is divided by 20?
18
Let b(o) = -2*o**3 - 6*o**2 + o - 6. Calculate the remainder when b(-5) is divided by 23.
20
Let x(f) = -2*f - 4 + 3*f + 9 + 6*f**2 - 1 - f**3. Calculate the remainder when 39 is divided by x(6).
9
Suppose 3*o = u + 26, -2*u - 3*u + 2*o = 78. Let m = -12 + 32. Let k = m + u. What is the remainder when 16 is divided by k?
4
Suppose 4*a = 22 + 50. Calculate the remainder when a is divided by 136/170 - (-42)/10.
3
Let r = 40 - 14. Calculate the remainder when r is divided by 7.
5
Suppose -5*i + 15 = -260. Let n = -59 - -40. Let b = n + 38. What is the remainder when i is divided by b?
17
Suppose 5*n - 105 = -5*f, 3*n = -2*n - 20. What is the remainder when f is divided by 14?
11
Let p(g) be the third derivative of 2*g**6/15 - g**5/30 + g**4/24 + 4*g**2. Calculate the remainder when 42 is divided by p(1).
12
Let q(b) = b**3 - 9*b**2 + 9*b + 4. Let r(w) = 2*w**2. Let u be r(2). What is the remainder when q(u) is divided by 5?
2
What is the remainder when (-55 + 4 + -2)*-1 is divided by 14?
11
Let n = 24 - 6. Suppose 5*d = 2*d + n. Calculate the remainder when 21 is divided by d.
3
Let q be (-1 - -4) + (-6)/2. Suppose q*a - 10 = -a. What is the remainder when 38 is divided by a?
8
Suppose -5*b = 5*z - 140, -3*z + b + 4*b + 92 = 0. Let a be (-6)/(-2) - (-1 + 1). Let q = z - a. Calculate the remainder when q is divided by 9.
8
Suppose -2*z + 0*z = -56. What is the remainder when 552/z - 4/(-14) is divided by 7?
6
Let c(z) = -24*z - 4. Let k be c(-5). Suppose -20 = -4*a + d + k, 5*a = -5*d + 145. Calculate the remainder when a is divided by 12.
9
Let v = -3 - 0. Let i = v - -6. Calculate the remainder when 8 is divided by i.
2
Suppose 0 = -2*p - 0*p + 4. Suppose 22 = p*y + l - 0, y + 4*l = -3. Suppose -4*q + 7 = -y. Calculate the remainder when 9 is divided by q.
4
What is the remainder when 23 is divided by (-1)/(((-2)/(-13))/(-2))?
10
Let h(o) = o**3 - 2*o + 1. Calculate the remainder when 2/8 + (-204)/(-16) is divided by h(2).
3
Let m = -109 + 153. Calculate the remainder when m is divided by 15.
14
Suppose 13 = -3*y + 61. Calculate the remainder when 63 is divided by y.
15
Calculate the remainder when 10 is divided by (-2)/3*9/(-2).
1
Suppose -2*s - 4*u = 6, s - 4*u = 11 + 4. Suppose 8*y - 20 = s*y. What is the remainder when 9 is divided by y?
1
Suppose 4*s - 13 = -5. Calculate the remainder when 3 is divided by s.
1
What is the remainder when (-123)/(-9) - 3*2/9 is divided by 8?
5
Let i = 18 + -12. What is the remainder when 22 is divided by i?
4
Suppose 2*s - 2*z + 0 - 4 = 0, 3*s + 3*z = 12. Suppose 0*b = -5*f - b - 201, 2 = -2*b. Calculate the remainder when (-1)/(-3) - f/6 is divided by s.
1
Let c be (15/12)/(3/12). Suppose c*j + 2 = -3*b, -3*j + 3 = 15. Calculate the remainder when 11 is divided by b.
5
What is the remainder when 41 is divided by -11*-3*2/6?
8
Let z(w) be the first derivative of -w**3/3 - 9*w**2/2 - 5. What is the remainder when z(-8) is divided by 3?
2
Let i(j) = j**2 + j + 11. Let c be 6*(-4 + 3)/(-1). Let s(d) = -d**2 + 6*d + 6. Calculate the remainder when i(0) is divided by s(c).
5
Let c = -29 + 45. Let o = -7 + c. Suppose -d - 2*d + o = 0. What is the remainder when 4 is divided by d?
1
Let q(u) = -10*u**3 - 3*u - 2. Calculate the remainder when 52 is divided by q(-1).
8
Let d(i) = i**2 - 5*i + 2. Let a = -55 + 28. Let s be 112/18 - (